 - 11*t**2 - 6*t + 2. Let p = -15 - -8. Is r(p) a prime number?
True
Let h = 10 + -10. Let d = h + 5. Let m(f) = f**3 - 5*f**2 + 7*f + 2. Is m(d) composite?
False
Let s = 242 + 1343. Is s composite?
True
Suppose 5078 + 3721 = 3*h. Is h prime?
False
Suppose -189098 - 59452 = -30*s. Is s a prime number?
False
Let x be (-3294)/(-63) - (-4)/(-14). Let v = -34 + x. Is 570/4 - v/12 composite?
True
Let i be 16 + (20/(-4) - -4). Let h = 28 + i. Is h prime?
True
Suppose -3*p = -14283 - 21738. Is p prime?
True
Suppose -2*x - 5*p + 17 = -5*x, 3*x = 2*p - 32. Let t = -7 - x. Is ((-4)/t)/((-8)/1988) prime?
False
Suppose 8 = 6*p - 2*p. Suppose -p*u = -g + 23, -3*g + 78 - 9 = 5*u. Is g a composite number?
False
Is (15/(-10) + 2)/((-2)/(-94036)) prime?
True
Suppose 4*u - 3*t = 13237, -4*u - t + 1127 = -12130. Is u a composite number?
False
Let j(z) = -z**3 + z**2 - 2*z - 2. Let d be j(-1). Let a(s) = 6*s + 4*s**2 + 8*s**2 - 16 - 7*s**2 + d*s. Is a(-9) a composite number?
False
Suppose -11*u + 695 = -6*u. Suppose 5*i - v - u = 4*i, 3*i + 3*v - 441 = 0. Is i a composite number?
True
Let p(s) = -40*s**2 + 13*s + 7. Let b be p(-9). Let f = b - -4905. Is f a composite number?
True
Suppose x + 4641 = 8*x. Suppose 8*g = x + 9841. Is g composite?
True
Suppose 6*y = 10*y. Suppose 5*i - 4*k - 3538 - 2069 = y, 0 = -4*k + 8. Is i composite?
False
Suppose 5*v = -2*y + 259799, -38*y + 2*v = -39*y + 129897. Is y prime?
True
Let q = 18114 - 11951. Is q a composite number?
False
Let c = -20187 - -29964. Is c a composite number?
True
Is -1 + 0 - 145530/(-27) composite?
True
Suppose 38*m - 8942 = 21*m. Is m prime?
False
Let v = -16 - -6. Let k be (v/(-15))/(2/30). Is (-34)/(-5) - (-2)/k prime?
True
Let n = -122 + 379. Is n prime?
True
Suppose z + 2*z = 4*o + 68, 4*o - 4*z = -72. Let w(n) = -5*n - 8 + 2 - 2. Is w(o) composite?
True
Let s(x) be the first derivative of -125*x**4/4 - x**3/3 + x**2/2 + x + 2. Is s(-2) a prime number?
False
Let i(a) = 20*a**2 + 12*a + 37. Is i(12) composite?
False
Let y(x) = -3*x**3 - 47*x**2 + 46*x + 59. Is y(-25) a prime number?
False
Let v = -43 + 47. Suppose 5*m + 3*q - 817 = 6*q, v*m = 2*q + 652. Is m a composite number?
True
Let g be 2 + -2*170 - 1. Let r = g + 485. Let f = r + -72. Is f composite?
True
Let t(b) = -b**2 - 42*b + 137. Is t(-39) prime?
False
Let v be (106/8)/((-9)/396). Let n = v - -1014. Is n composite?
False
Suppose 0 = 19*f + 36591 - 129064. Is f a prime number?
False
Suppose 3*r + 27 - 366 = 0. Suppose r = -2*u + 445. Is u composite?
True
Let r(j) = j + 10. Let a be r(-4). Suppose -3*c = a*m - m - 539, -c + m = -177. Let v = c + -21. Is v prime?
True
Suppose 0 = -5*s + 1 + 4. Let l be s/((-1)/(-112)) + -4. Suppose l = 4*a + 2*y, -3*a - 3*y + 30 = -54. Is a a prime number?
False
Is ((-9496)/(-16))/(3/18) a prime number?
False
Let r(s) = 4*s**2 + 21*s - 12. Let g = -72 - -57. Is r(g) composite?
True
Suppose 460 = -7*q + 17*q. Is q a prime number?
False
Let m(i) = 2851*i**2 + 122*i + 816. Is m(-7) composite?
False
Is 0 - -29*(134 - (-3 + 10)) a prime number?
False
Suppose -5*c = -2*c + 153. Let y = 896 - c. Suppose y = 5*a - 4*v, 0 = 4*a - 7*a - v + 575. Is a a composite number?
False
Suppose 2*c = -2*k + 7*c + 33559, c = -2*k + 33577. Is k a composite number?
False
Is -5 - (-13)/((-13)/(-21274)) composite?
False
Let w(x) = 14 - 66*x + 0 - 5 + 10. Is w(-9) a prime number?
True
Let l = 1031 + -559. Suppose 0*a = 8*a - l. Is a a prime number?
True
Suppose 4*r = -z + 24, -5*r + 61 = -4*z + 10. Let c(f) = -r - 3*f + 0*f + f. Is c(-10) prime?
True
Let c be (45/(-2))/3*(-10960)/30. Is -4 - (1 - (c - (-1 - -2))) a composite number?
True
Let b = -5 - -3. Let y(j) = -142*j**3 - 5*j - 7. Is y(b) prime?
False
Suppose 7*b - b - 180 = 0. Suppose b*f + 20755 = 35*f. Is f composite?
True
Suppose 6244 = 4*u - 4*g, g - 3*g + 6244 = 4*u. Is u composite?
True
Let d(h) = -h**3 + 18*h**2 + 3*h - 11. Let j(z) = 4*z + 2. Let p be j(3). Is d(p) a composite number?
True
Let t(x) = 3*x**2 - 15*x + 7. Let m be t(5). Is 407/2*(m - (1 - -4)) a prime number?
False
Suppose 0 = 11*v - 4 - 40. Suppose 8*y + 4*j - 4891 = 3*y, -3920 = -v*y + 4*j. Is y a composite number?
True
Suppose -o = -n - 13, -o - 4*o - 2*n = -44. Is o/6 - 2 - (-3430)/21 a prime number?
True
Is -1 + 20204 + (27 - 29) a composite number?
False
Let f be -1 + 0 - (-1 + -6). Suppose -g - 15 = -f*g. Suppose g*u + 3*u = 1758. Is u composite?
False
Suppose -2*u - 4*k = k - 730, 5*u = -4*k + 1808. Let y = -206 + u. Suppose 0 = -0*z - 2*z + y. Is z a composite number?
True
Suppose -4*k + 4*p - 2*p = -16, 4*p = -16. Let g be k/(-4) + (-2385)/10. Let m = g + 400. Is m a composite number?
True
Let r(f) = -f**2 - 53*f + 43. Is r(-26) a prime number?
False
Suppose 2*x - 5*l = -3*x + 42330, -42335 = -5*x + 4*l. Is x a prime number?
False
Suppose 47892 = -4*t + 16*t. Is t prime?
False
Is ((-36798)/18)/(3 + 84/(-27)) composite?
True
Is (-3639)/(-11) - (-6)/33 a composite number?
False
Let z(c) = 131*c**3 + 3*c**2 + 2. Is z(3) composite?
True
Let o(s) = 50*s**3 - 9*s - 1 - 104*s**3 + 53*s**3 - 5*s**2. Suppose -2*l - l - 3*k = 21, 2*k - 18 = 2*l. Is o(l) a prime number?
True
Suppose -2*l - 92 = -5*b + 2, b - l = 17. Let j = 20 - b. Let n(z) = z**3 + z**2 + z + 133. Is n(j) a composite number?
True
Suppose 0 = g + 2 - 1. Let q = g - -3. Suppose -m = q*m - 609. Is m prime?
False
Suppose 2*y + 5*a - 6 + 20 = 0, -3*y + 3*a + 21 = 0. Suppose y*t - 10739 = -2*t + 3*h, 0 = t - h - 2147. Is t composite?
True
Suppose -2*z - 2*z = 5*a + 5, -15 = -z + 2*a. Suppose -11 = -4*t + z. Suppose -5*i + t*o + 2772 = -2781, -2*o = -2*i + 2222. Is i prime?
True
Suppose 2 = i - 1. Suppose 13 - 10 = i*q. Let r(s) = 288*s**3 - 2*s + 1. Is r(q) a composite number?
True
Suppose 5*c + 2*v = -2317, 2*c + c - 3*v = -1386. Let a = c + 1026. Is a composite?
False
Suppose 5*s - 40 = -5*t, -21 = -s + 2*t - 1. Is 131 + 5/4 + 9/s a prime number?
False
Suppose -3*r - 726 = -5*r + 5*t, -2 = t. Is r composite?
True
Suppose -12*m + 7779 = -8937. Is m prime?
False
Let v = 7373 - 2778. Is v composite?
True
Let r(h) = h**2 + 3*h - 6. Let f be r(-5). Suppose 0 = f*b - 10*b + 1146. Is b prime?
True
Let u(y) = 853*y**2 + 9*y + 37. Is u(-4) a prime number?
True
Let p(a) = 1445*a**2 + 8*a - 17. Is p(2) prime?
True
Suppose 29 = 4*i + 9. Suppose 0 = i*u - 24 - 6. Let f(p) = 5*p**2 - 9*p + 3. Is f(u) prime?
False
Suppose 2*v - 5*v = 24. Let b(f) = -f - 12. Let g be b(v). Is (-1798)/(-4) - g/(-8) prime?
True
Is (46/69)/(2/1143) prime?
False
Let v = -16 - 2. Let p = v + 20. Suppose -420 = -p*f + 82. Is f a composite number?
False
Let b(m) = m**3 + 6*m**2 + 5*m + 3. Let h be b(-5). Suppose 0 = h*f - 2*j + 201, 2*f = -2*f - 3*j - 285. Is 0/(4/(-2)) - f a prime number?
False
Suppose 0 = 2*x - 7*x + 140. Suppose 0 = 2*v + 4*n, 5*v - x = n - 6. Suppose -4*g - 4*c + 120 = 0, -3*c + 64 = v*g - 51. Is g composite?
True
Let h(w) = w**2 - 8*w + 4. Let g be h(8). Let k(b) = b + 2*b + 4*b**2 + 1 - b**3 - 6 - 1. Is k(g) prime?
False
Suppose 754316 - 1943205 = -13*j. Is j prime?
True
Suppose 255*s - 260*s = 2*h - 14405, -2*s = -5*h - 5762. Is s prime?
False
Let q(i) = -357*i + 995. Is q(-23) prime?
False
Let d(b) = b**2 - 20*b + 98. Let n be d(7). Let l(v) = v + 1. Let r(z) = -12*z**2 + 12*z - 1. Let w(y) = 2*l(y) - r(y). Is w(n) composite?
False
Is 4 + -1 + -5 + -1 + 33482 a composite number?
False
Suppose 7663 = 8*p - 2457. Suppose n + p = 6*n. Is n prime?
False
Let j = -11 + 8. Let w(h) = -h**3 - 2*h**2 + 3*h + 3. Let p be w(j). Is 4*(33/6 + p) a composite number?
True
Suppose 5*n - 2*d - 3718 = 0, 4*d - 745 = -n + 3*d. Let k = n + -203. Is k composite?
False
Suppose -1867 = 9*r - 121630. Is r a composite number?
True
Let v(u) = -10*u - 4. Let n(d) = -9*d - 4. Let m(l) = -3*n(l) + 4*v(l). Let t be m(4). Let j = t - -109. Is j a prime number?
True
Let g = 38 - 38. Suppose g = 3*x - p - 97, 3*p = x + p - 39. Is x a composite number?
False
Let f = -6 + 9. Suppose f*o = 5 + 13. Is (3/o)/(5/30) composite?
False
Suppose -53*a + 52*a + 7217 = 0. Is a a composite number?
True
Let s(h) = 7*h**3 + 7*h**2 + h - 17. Let u = -133 + 139. Is s(u) prime?
True
Is 68684/12 + (-10)/15 composite?
True
Suppose 14*q - 157732 = 499162. Is q a prime number?
False
Let d = 11 - 11. Suppose y =